{"id":2032,"date":"2022-09-08T18:13:55","date_gmt":"2022-09-08T18:13:55","guid":{"rendered":"http:\/\/ggs-marienstrasse.de\/?page_id=2032"},"modified":"2025-03-14T09:03:44","modified_gmt":"2025-03-14T09:03:44","slug":"ags","status":"publish","type":"page","link":"https:\/\/ggs-marienstrasse.de\/?page_id=2032","title":{"rendered":"AG&#8217;s"},"content":{"rendered":"\n<p>An unserer Schule gibt es in jedem Schuljahr wechselnde AG&#8217;s im Nachmittagsbereich. Hier k\u00f6nnen die Sch\u00fclerinnen und Sch\u00fcler Neues ausprobieren, sich sportlich oder kreativ bet\u00e4tigen und gemeinsam Zeit verbringen.<\/p>\n\n\n\n<p>Die Kinder der Rap-AG treffen sich w\u00f6chentlich, schreiben ihre Texte selbst und performen auf unseren Schulveranstaltungen. Im Video finden Sie den Weihnachts-Rap aus dem Schuljahr 2024\/25. <a href=\"https:\/\/youtu.be\/350nH5ucwQo\" data-type=\"URL\" data-id=\"https:\/\/youtu.be\/350nH5ucwQo\">Marienstra\u00dfe-Weihnachts-Rap<\/a><\/p>\n\n\n\n<p>In diesem Schuljahr gibt es u.a. die <strong>Calliope-AG<\/strong>, in welcher Kinder mit einem Mini-Controller erste Erfahrungen mit dem Programmieren und Algorithmen sammeln k\u00f6nnen.<\/p>\n\n\n\n<figure class=\"wp-block-gallery has-nested-images columns-default is-cropped wp-block-gallery-1 is-layout-flex\">\n<figure class=\"wp-block-image size-large\"><a href=\"https:\/\/ggs-marienstrasse.de\/wp-content\/uploads\/2022\/09\/IMG-20220906-WA0003.jpg\"><img decoding=\"async\" loading=\"lazy\" width=\"1024\" height=\"768\" data-id=\"2038\"  src=\"https:\/\/ggs-marienstrasse.de\/wp-content\/uploads\/2022\/09\/IMG-20220906-WA0003-1024x768.jpg\" alt=\"\" class=\"wp-image-2038\" srcset=\"https:\/\/ggs-marienstrasse.de\/wp-content\/uploads\/2022\/09\/IMG-20220906-WA0003-1024x768.jpg 1024w, https:\/\/ggs-marienstrasse.de\/wp-content\/uploads\/2022\/09\/IMG-20220906-WA0003-300x225.jpg 300w, https:\/\/ggs-marienstrasse.de\/wp-content\/uploads\/2022\/09\/IMG-20220906-WA0003-768x576.jpg 768w, https:\/\/ggs-marienstrasse.de\/wp-content\/uploads\/2022\/09\/IMG-20220906-WA0003-1536x1152.jpg 1536w, https:\/\/ggs-marienstrasse.de\/wp-content\/uploads\/2022\/09\/IMG-20220906-WA0003-400x300.jpg 400w, https:\/\/ggs-marienstrasse.de\/wp-content\/uploads\/2022\/09\/IMG-20220906-WA0003.jpg 2048w\" sizes=\"(max-width: 1024px) 100vw, 1024px\" \/><\/a><\/figure>\n\n\n\n<figure class=\"wp-block-image size-large\"><a href=\"https:\/\/ggs-marienstrasse.de\/wp-content\/uploads\/2022\/09\/IMG-20220906-WA0002.jpg\"><img decoding=\"async\" loading=\"lazy\" width=\"768\" height=\"1024\" data-id=\"2039\"  src=\"https:\/\/ggs-marienstrasse.de\/wp-content\/uploads\/2022\/09\/IMG-20220906-WA0002-768x1024.jpg\" alt=\"\" class=\"wp-image-2039\" srcset=\"https:\/\/ggs-marienstrasse.de\/wp-content\/uploads\/2022\/09\/IMG-20220906-WA0002-768x1024.jpg 768w, https:\/\/ggs-marienstrasse.de\/wp-content\/uploads\/2022\/09\/IMG-20220906-WA0002-225x300.jpg 225w, https:\/\/ggs-marienstrasse.de\/wp-content\/uploads\/2022\/09\/IMG-20220906-WA0002-1152x1536.jpg 1152w, https:\/\/ggs-marienstrasse.de\/wp-content\/uploads\/2022\/09\/IMG-20220906-WA0002.jpg 1536w\" sizes=\"(max-width: 768px) 100vw, 768px\" \/><\/a><\/figure>\n\n\n\n<figure class=\"wp-block-image size-large\"><a href=\"https:\/\/ggs-marienstrasse.de\/wp-content\/uploads\/2022\/09\/IMG-20220906-WA0001.jpg\"><img decoding=\"async\" loading=\"lazy\" width=\"768\" height=\"1024\" data-id=\"2040\"  src=\"https:\/\/ggs-marienstrasse.de\/wp-content\/uploads\/2022\/09\/IMG-20220906-WA0001-768x1024.jpg\" alt=\"\" class=\"wp-image-2040\" srcset=\"https:\/\/ggs-marienstrasse.de\/wp-content\/uploads\/2022\/09\/IMG-20220906-WA0001-768x1024.jpg 768w, https:\/\/ggs-marienstrasse.de\/wp-content\/uploads\/2022\/09\/IMG-20220906-WA0001-225x300.jpg 225w, https:\/\/ggs-marienstrasse.de\/wp-content\/uploads\/2022\/09\/IMG-20220906-WA0001-1152x1536.jpg 1152w, https:\/\/ggs-marienstrasse.de\/wp-content\/uploads\/2022\/09\/IMG-20220906-WA0001.jpg 1536w\" sizes=\"(max-width: 768px) 100vw, 768px\" \/><\/a><\/figure>\n<\/figure>\n\n\n\n<p><strong>NEU<\/strong>: Bei uns gibt es jetzt eine Fahrrad-AG. <\/p>\n\n\n\n<div class=\"wp-block-columns is-layout-flex wp-container-12\">\n<div class=\"wp-block-column is-layout-flow\">\n<figure class=\"wp-block-gallery has-nested-images columns-default is-cropped wp-block-gallery-3 is-layout-flex\">\n<figure class=\"wp-block-image size-large\"><a href=\"https:\/\/ggs-marienstrasse.de\/wp-content\/uploads\/2024\/06\/71bd3bac-f7df-4885-97ee-98bed88476eb.jpg\"><img decoding=\"async\" loading=\"lazy\" width=\"1024\" height=\"768\" src=\"https:\/\/ggs-marienstrasse.de\/wp-content\/uploads\/2024\/06\/71bd3bac-f7df-4885-97ee-98bed88476eb-1024x768.jpg\" alt=\"\" class=\"wp-image-2509\" srcset=\"https:\/\/ggs-marienstrasse.de\/wp-content\/uploads\/2024\/06\/71bd3bac-f7df-4885-97ee-98bed88476eb-1024x768.jpg 1024w, https:\/\/ggs-marienstrasse.de\/wp-content\/uploads\/2024\/06\/71bd3bac-f7df-4885-97ee-98bed88476eb-300x225.jpg 300w, https:\/\/ggs-marienstrasse.de\/wp-content\/uploads\/2024\/06\/71bd3bac-f7df-4885-97ee-98bed88476eb-768x576.jpg 768w, https:\/\/ggs-marienstrasse.de\/wp-content\/uploads\/2024\/06\/71bd3bac-f7df-4885-97ee-98bed88476eb-1536x1152.jpg 1536w, https:\/\/ggs-marienstrasse.de\/wp-content\/uploads\/2024\/06\/71bd3bac-f7df-4885-97ee-98bed88476eb-400x300.jpg 400w, https:\/\/ggs-marienstrasse.de\/wp-content\/uploads\/2024\/06\/71bd3bac-f7df-4885-97ee-98bed88476eb.jpg 1600w\" sizes=\"(max-width: 1024px) 100vw, 1024px\" \/><\/a><\/figure>\n<\/figure>\n<\/div>\n\n\n\n<div class=\"wp-block-column is-layout-flow\">\n<figure class=\"wp-block-gallery has-nested-images columns-default is-cropped wp-block-gallery-6 is-layout-flex\">\n<figure class=\"wp-block-image size-large\"><a href=\"https:\/\/ggs-marienstrasse.de\/wp-content\/uploads\/2024\/06\/2977c7db-6aba-48e5-94d4-43ab3a8f3f09.jpg\"><img decoding=\"async\" loading=\"lazy\" width=\"1024\" height=\"768\" src=\"https:\/\/ggs-marienstrasse.de\/wp-content\/uploads\/2024\/06\/2977c7db-6aba-48e5-94d4-43ab3a8f3f09-1024x768.jpg\" alt=\"\" class=\"wp-image-2510\" srcset=\"https:\/\/ggs-marienstrasse.de\/wp-content\/uploads\/2024\/06\/2977c7db-6aba-48e5-94d4-43ab3a8f3f09-1024x768.jpg 1024w, https:\/\/ggs-marienstrasse.de\/wp-content\/uploads\/2024\/06\/2977c7db-6aba-48e5-94d4-43ab3a8f3f09-300x225.jpg 300w, https:\/\/ggs-marienstrasse.de\/wp-content\/uploads\/2024\/06\/2977c7db-6aba-48e5-94d4-43ab3a8f3f09-768x576.jpg 768w, https:\/\/ggs-marienstrasse.de\/wp-content\/uploads\/2024\/06\/2977c7db-6aba-48e5-94d4-43ab3a8f3f09-1536x1152.jpg 1536w, https:\/\/ggs-marienstrasse.de\/wp-content\/uploads\/2024\/06\/2977c7db-6aba-48e5-94d4-43ab3a8f3f09-400x300.jpg 400w, https:\/\/ggs-marienstrasse.de\/wp-content\/uploads\/2024\/06\/2977c7db-6aba-48e5-94d4-43ab3a8f3f09.jpg 1600w\" sizes=\"(max-width: 1024px) 100vw, 1024px\" \/><\/a><\/figure>\n<\/figure>\n<\/div>\n\n\n\n<div class=\"wp-block-column is-layout-flow\">\n<figure class=\"wp-block-gallery has-nested-images columns-default is-cropped wp-block-gallery-9 is-layout-flex\">\n<figure class=\"wp-block-image size-large\"><a href=\"https:\/\/ggs-marienstrasse.de\/wp-content\/uploads\/2024\/06\/d3a3f2ae-823f-4868-aa2d-5e26dbac6938.jpg\"><img decoding=\"async\" loading=\"lazy\" width=\"1024\" height=\"768\" src=\"https:\/\/ggs-marienstrasse.de\/wp-content\/uploads\/2024\/06\/d3a3f2ae-823f-4868-aa2d-5e26dbac6938-1024x768.jpg\" alt=\"\" class=\"wp-image-2511\" srcset=\"https:\/\/ggs-marienstrasse.de\/wp-content\/uploads\/2024\/06\/d3a3f2ae-823f-4868-aa2d-5e26dbac6938-1024x768.jpg 1024w, https:\/\/ggs-marienstrasse.de\/wp-content\/uploads\/2024\/06\/d3a3f2ae-823f-4868-aa2d-5e26dbac6938-300x225.jpg 300w, https:\/\/ggs-marienstrasse.de\/wp-content\/uploads\/2024\/06\/d3a3f2ae-823f-4868-aa2d-5e26dbac6938-768x576.jpg 768w, https:\/\/ggs-marienstrasse.de\/wp-content\/uploads\/2024\/06\/d3a3f2ae-823f-4868-aa2d-5e26dbac6938-1536x1152.jpg 1536w, https:\/\/ggs-marienstrasse.de\/wp-content\/uploads\/2024\/06\/d3a3f2ae-823f-4868-aa2d-5e26dbac6938-400x300.jpg 400w, https:\/\/ggs-marienstrasse.de\/wp-content\/uploads\/2024\/06\/d3a3f2ae-823f-4868-aa2d-5e26dbac6938.jpg 1600w\" sizes=\"(max-width: 1024px) 100vw, 1024px\" \/><\/a><\/figure>\n<\/figure>\n<\/div>\n<\/div>\n\n\n\n<p>In der <strong>Gitarren-AG<\/strong> und der <strong>Trommel-AG<\/strong> musizieren die Sch\u00fcler:innen gemeinsam und beweisen Rhythmusgef\u00fchl. Ihr Talent zeigten die Kinder zuletzt auf dem \u00d6lbergfest.<\/p>\n\n\n\n<figure class=\"wp-block-gallery has-nested-images columns-default is-cropped wp-block-gallery-13 is-layout-flex\">\n<figure class=\"wp-block-image size-large\"><a href=\"https:\/\/ggs-marienstrasse.de\/wp-content\/uploads\/2022\/09\/IMG_20220611_152537_2-scaled.jpg\"><img decoding=\"async\" loading=\"lazy\" width=\"1024\" height=\"651\" data-id=\"2041\"  src=\"https:\/\/ggs-marienstrasse.de\/wp-content\/uploads\/2022\/09\/IMG_20220611_152537_2-1024x651.jpg\" alt=\"\" class=\"wp-image-2041\" srcset=\"https:\/\/ggs-marienstrasse.de\/wp-content\/uploads\/2022\/09\/IMG_20220611_152537_2-1024x651.jpg 1024w, https:\/\/ggs-marienstrasse.de\/wp-content\/uploads\/2022\/09\/IMG_20220611_152537_2-300x191.jpg 300w, https:\/\/ggs-marienstrasse.de\/wp-content\/uploads\/2022\/09\/IMG_20220611_152537_2-768x489.jpg 768w, https:\/\/ggs-marienstrasse.de\/wp-content\/uploads\/2022\/09\/IMG_20220611_152537_2-1536x977.jpg 1536w, https:\/\/ggs-marienstrasse.de\/wp-content\/uploads\/2022\/09\/IMG_20220611_152537_2-2048x1303.jpg 2048w, https:\/\/ggs-marienstrasse.de\/wp-content\/uploads\/2022\/09\/IMG_20220611_152537_2-472x300.jpg 472w\" sizes=\"(max-width: 1024px) 100vw, 1024px\" \/><\/a><\/figure>\n<\/figure>\n\n\n\n<p><\/p>\n\n\n\n<p><\/p>\n\n\n\n<p>Au\u00dferdem entdecken Kinder in der<strong> Schwimm-AG<\/strong> spielerisch das Element Wasser in der Schwimm-Oper. Hier k\u00f6nnen sich die Kinder bereits vor dem Schwimmunterricht durch Bewegungsspiele im Nicht-Schwimmerbereich an das Schwimmbecken gew\u00f6hnen, ihr Selbstbewusstsein st\u00e4rken und m\u00f6gliche \u00c4ngste \u00fcberwinden.<\/p>\n\n\n\n<p>Dar\u00fcber hinaus bietet der offene Ganztag weitere AG&#8217;s wie Fu\u00dfball, Tanzen, Yoga, Basteln, Filzen, Werken und vieles mehr an.<\/p>\n","protected":false},"excerpt":{"rendered":"<p>An unserer Schule gibt es in jedem Schuljahr wechselnde AG&#8217;s im Nachmittagsbereich. Hier k\u00f6nnen die Sch\u00fclerinnen und Sch\u00fcler Neues ausprobieren, sich sportlich oder kreativ bet\u00e4tigen und gemeinsam Zeit verbringen. Die Kinder der Rap-AG treffen sich w\u00f6chentlich, schreiben ihre Texte selbst &hellip; <a href=\"https:\/\/ggs-marienstrasse.de\/?page_id=2032\">Weiterlesen <span class=\"meta-nav\">&rarr;<\/span><\/a><\/p>\n","protected":false},"author":5,"featured_media":0,"parent":0,"menu_order":0,"comment_status":"closed","ping_status":"closed","template":"","meta":{"ngg_post_thumbnail":0},"_links":{"self":[{"href":"https:\/\/ggs-marienstrasse.de\/index.php?rest_route=\/wp\/v2\/pages\/2032"}],"collection":[{"href":"https:\/\/ggs-marienstrasse.de\/index.php?rest_route=\/wp\/v2\/pages"}],"about":[{"href":"https:\/\/ggs-marienstrasse.de\/index.php?rest_route=\/wp\/v2\/types\/page"}],"author":[{"embeddable":true,"href":"https:\/\/ggs-marienstrasse.de\/index.php?rest_route=\/wp\/v2\/users\/5"}],"replies":[{"embeddable":true,"href":"https:\/\/ggs-marienstrasse.de\/index.php?rest_route=%2Fwp%2Fv2%2Fcomments&post=2032"}],"version-history":[{"count":7,"href":"https:\/\/ggs-marienstrasse.de\/index.php?rest_route=\/wp\/v2\/pages\/2032\/revisions"}],"predecessor-version":[{"id":2619,"href":"https:\/\/ggs-marienstrasse.de\/index.php?rest_route=\/wp\/v2\/pages\/2032\/revisions\/2619"}],"wp:attachment":[{"href":"https:\/\/ggs-marienstrasse.de\/index.php?rest_route=%2Fwp%2Fv2%2Fmedia&parent=2032"}],"curies":[{"name":"wp","href":"https:\/\/api.w.org\/{rel}","templated":true}]}}