{"id":175,"date":"2013-03-01T14:16:17","date_gmt":"2013-03-01T14:16:17","guid":{"rendered":"http:\/\/ggs-marienstrasse.de\/?page_id=175"},"modified":"2026-01-15T15:08:45","modified_gmt":"2026-01-15T15:08:45","slug":"home","status":"publish","type":"page","link":"https:\/\/ggs-marienstrasse.de\/","title":{"rendered":"Herzlich Willkommen"},"content":{"rendered":"<h1><span style=\"font-size: 18px;\"><em>in der Grundschule mit dem sportlichen Profil!<\/em><\/span><\/h1>\n<p><iframe loading=\"lazy\" title=\"Grundschule Marienstra\u00dfe\" width=\"584\" height=\"329\" src=\"https:\/\/www.youtube.com\/embed\/0sraJhEbXXQ?feature=oembed\" frameborder=\"0\" allow=\"accelerometer; autoplay; clipboard-write; encrypted-media; gyroscope; picture-in-picture; web-share\" referrerpolicy=\"strict-origin-when-cross-origin\" allowfullscreen><\/iframe><\/p>\n<p><span style=\"font-family: arial,helvetica,sans-serif;\">Die Gemeinschaftsgrundschule Marienstra\u00dfe&nbsp; liegt im Herzen des \u00d6lberg-Viertels in Elberfeld. Seit 2014 sind wir eine Grundschule des <strong>Gemeinsamen Lernens<\/strong>. Bei uns lernen Kinder mit und ohne F\u00f6rderbedarf gemeinsam. Das Besondere ist, dass wir \u00fcber zwei Schulgeb\u00e4ude verf\u00fcgen: Unsere \u00bbKleinen\u00ab \u2013 also die 1. und 2. Klasse \u2013 haben ein eigenes sch\u00f6nes, altes Backsteingeb\u00e4ude mit einem gro\u00dfen eigenen Schulhof und eigener Turnhalle in der Schusterstra\u00dfe. Dort sind auch die Gruppen des <a title=\"Ganztag\" href=\"https:\/\/ggs-marienstrasse.de\/?page_id=19\">Offenen Ganztags<\/a> untergebracht. Schr\u00e4g gegen\u00fcber \u2013 nur durch das Spielgel\u00e4nde des Schusterplatzes getrennt \u2013 liegt unser Hauptgeb\u00e4ude f\u00fcr die 3. und 4. Klasse und f\u00fcr unsere Seiteneinsteigerklasse. Auch hier gibt es einen gro\u00dfen Schulhof mit hohen alten B\u00e4umen und unserer zweiten Turnhalle.<\/span><\/p>\n<p><img decoding=\"async\" loading=\"lazy\" class=\" wp-image-523 alignnone\" style=\"border: 0px none; margin: 0px;\" title=\"Panoramafoto: pixelbunker.de\" src=\"http:\/\/stoelting-klein.de\/business\/ggsm\/wp-content\/uploads\/2013\/03\/Eingangsfoto_web.jpg\" alt=\"Eingangsfoto_web\" width=\"800\" height=\"382\" srcset=\"https:\/\/ggs-marienstrasse.de\/wp-content\/uploads\/2013\/03\/Eingangsfoto_web.jpg 800w, https:\/\/ggs-marienstrasse.de\/wp-content\/uploads\/2013\/03\/Eingangsfoto_web-300x143.jpg 300w, https:\/\/ggs-marienstrasse.de\/wp-content\/uploads\/2013\/03\/Eingangsfoto_web-500x238.jpg 500w\" sizes=\"(max-width: 800px) 100vw, 800px\" \/><\/p>\n<p><span style=\"font-family: arial,helvetica,sans-serif;\">Durchschnittlich sind 200 Kinder aus bis zu 24 L\u00e4ndern und 17 Lehrer\/innen an unserer Schule.<\/span><\/p>\n<p><strong><span style=\"font-family: arial,helvetica,sans-serif;\">HIER LERNEN WIR GEMEINSAM \u2013 MIT HERZ, HAND UND VERSTAND!<\/span><\/strong><\/p>\n<p><span style=\"font-family: arial,helvetica,sans-serif;\"><strong>Mehr Infos zur Schule finden Sie <a title=\"Schule\" href=\"https:\/\/ggs-marienstrasse.de\/?page_id=17\">&gt;&gt; hier<\/a><\/strong>.<\/span><\/p>\n<p><span style=\"font-family: arial,helvetica,sans-serif;\">Wir m\u00f6chten mit diesem Internetauftritt Lust auf unsere Schule machen, zeigen wie wir Schule leben. Wenn Ihr\/Euer Interesse geweckt ist, beantworten wir gerne alle weiteren Fragen pers\u00f6nlich vor Ort.<\/span><\/p>\n<p><span style=\"font-family: arial,helvetica,sans-serif;\">Diese Seite wird betreut von Sch\u00fcler\/innen, Lehrer\/innen und Eltern. Die Artikel sind deswegen mal lustig, mal dr\u00f6ge, mal spannend. Wir haben sie nicht getrennt, denn wir laufen ja schlie\u00dflich in der Schule auch alle durcheinander.&nbsp; <strong>Viel Spa\u00df beim St\u00f6bern!<\/strong><\/span><\/p>\n<p>&nbsp;<\/p>\n<p>Jedes Jahr in den Herbstferien findet unsere Herbstfahrt nach Borkum statt. F\u00fcr viele Kinder und Lehrerinnen ist diese Fahrt immer wieder ein echtes Highlight! Wir bedanken uns bei Frau Oppermann und allen Begleitern und Begleiterinnen, die diese Fahrt m\u00f6glich machen. Dieses Jahr bedanken wir uns au\u00dferdem herzlich bei der Lotterie \u201ePS-Sparen und Gewinnen\u201c des Rheinischen Sparkassen- und Giroverbandes f\u00fcr eine Unterst\u00fctzung in H\u00f6he von 2000\u20ac. Durch Spenden k\u00f6nnen wir trotz gestiegener Kosten allen Kindern eine Teilnahme an der Fahrt erm\u00f6glichen.<\/p>\n<p>Auch Sie k\u00f6nnen tolle Projekte unterst\u00fctzen, indem Sie Lose erwerben. <a href=\"http:\/\/www.wirwunder.de\/Wuppertal\">www.WirWunder.de\/Wuppertal<\/a>.<\/p>\n\n\n<div class=\"wp-block-columns is-layout-flex wp-container-7\">\n<div class=\"wp-block-column is-layout-flow\">\n<figure class=\"wp-block-gallery has-nested-images columns-default is-cropped wp-block-gallery-1 is-layout-flex\">\n<figure class=\"wp-block-image size-large\"><a href=\"https:\/\/ggs-marienstrasse.de\/wp-content\/uploads\/2024\/05\/LOGO-4c-neg.jpg\"><img decoding=\"async\" loading=\"lazy\" width=\"727\" height=\"277\" src=\"https:\/\/ggs-marienstrasse.de\/wp-content\/uploads\/2024\/05\/LOGO-4c-neg.jpg\" alt=\"\" class=\"wp-image-2439\" srcset=\"https:\/\/ggs-marienstrasse.de\/wp-content\/uploads\/2024\/05\/LOGO-4c-neg.jpg 727w, https:\/\/ggs-marienstrasse.de\/wp-content\/uploads\/2024\/05\/LOGO-4c-neg-300x114.jpg 300w, https:\/\/ggs-marienstrasse.de\/wp-content\/uploads\/2024\/05\/LOGO-4c-neg-500x191.jpg 500w\" sizes=\"(max-width: 727px) 100vw, 727px\" \/><\/a><\/figure>\n<\/figure>\n<\/div>\n\n\n\n<div class=\"wp-block-column is-layout-flow\">\n<figure class=\"wp-block-gallery has-nested-images columns-default is-cropped wp-block-gallery-4 is-layout-flex\">\n<figure class=\"wp-block-image size-large\"><a href=\"https:\/\/ggs-marienstrasse.de\/wp-content\/uploads\/2024\/05\/PS_Logo_ohneClaim_rot-1.jpg\"><img decoding=\"async\" loading=\"lazy\" width=\"578\" height=\"581\" src=\"https:\/\/ggs-marienstrasse.de\/wp-content\/uploads\/2024\/05\/PS_Logo_ohneClaim_rot-1.jpg\" alt=\"\" class=\"wp-image-2440\" srcset=\"https:\/\/ggs-marienstrasse.de\/wp-content\/uploads\/2024\/05\/PS_Logo_ohneClaim_rot-1.jpg 578w, https:\/\/ggs-marienstrasse.de\/wp-content\/uploads\/2024\/05\/PS_Logo_ohneClaim_rot-1-298x300.jpg 298w, https:\/\/ggs-marienstrasse.de\/wp-content\/uploads\/2024\/05\/PS_Logo_ohneClaim_rot-1-150x150.jpg 150w\" sizes=\"(max-width: 578px) 100vw, 578px\" \/><\/a><\/figure>\n<\/figure>\n<\/div>\n<\/div>\n","protected":false},"excerpt":{"rendered":"<p>in der Grundschule mit dem sportlichen Profil! Die Gemeinschaftsgrundschule Marienstra\u00dfe&nbsp; liegt im Herzen des \u00d6lberg-Viertels in Elberfeld. Seit 2014 sind wir eine Grundschule des Gemeinsamen Lernens. Bei uns lernen Kinder mit und ohne F\u00f6rderbedarf gemeinsam. Das Besondere ist, dass wir &hellip; <a href=\"https:\/\/ggs-marienstrasse.de\/\">Weiterlesen <span class=\"meta-nav\">&rarr;<\/span><\/a><\/p>\n","protected":false},"author":2,"featured_media":0,"parent":0,"menu_order":0,"comment_status":"closed","ping_status":"open","template":"","meta":{"ngg_post_thumbnail":0},"_links":{"self":[{"href":"https:\/\/ggs-marienstrasse.de\/index.php?rest_route=\/wp\/v2\/pages\/175"}],"collection":[{"href":"https:\/\/ggs-marienstrasse.de\/index.php?rest_route=\/wp\/v2\/pages"}],"about":[{"href":"https:\/\/ggs-marienstrasse.de\/index.php?rest_route=\/wp\/v2\/types\/page"}],"author":[{"embeddable":true,"href":"https:\/\/ggs-marienstrasse.de\/index.php?rest_route=\/wp\/v2\/users\/2"}],"replies":[{"embeddable":true,"href":"https:\/\/ggs-marienstrasse.de\/index.php?rest_route=%2Fwp%2Fv2%2Fcomments&post=175"}],"version-history":[{"count":116,"href":"https:\/\/ggs-marienstrasse.de\/index.php?rest_route=\/wp\/v2\/pages\/175\/revisions"}],"predecessor-version":[{"id":2695,"href":"https:\/\/ggs-marienstrasse.de\/index.php?rest_route=\/wp\/v2\/pages\/175\/revisions\/2695"}],"wp:attachment":[{"href":"https:\/\/ggs-marienstrasse.de\/index.php?rest_route=%2Fwp%2Fv2%2Fmedia&parent=175"}],"curies":[{"name":"wp","href":"https:\/\/api.w.org\/{rel}","templated":true}]}}